What are the prime factors of (0 - (-2)/(-4))*(-94 - 38)?
2, 3, 11
Let d(w) = w**3 + 2*w**2 - 2*w - 2. What are the prime factors of d(3)?
37
Let m(t) = t + 18. What are the prime factors of m(-11)?
7
Suppose 5*r = 1 + 4. Let o be (-89)/(-6) + r/6. Suppose -q - 3 = -o. What are the prime factors of q?
2, 3
Let j be 4 + -3 - 1/(-1). Suppose -j*d = g, -3*d = 2*g + 2 - 1. What are the prime factors of 6*d*1/3?
2
Suppose -3*t + 90 = -3*m, 3 = 2*t + 4*m - 33. List the prime factors of t.
2, 13
Suppose -7 - 5 = -5*l - 4*n, -18 = -2*l + 5*n. Let k(b) = 0 - 6*b + l*b - 1 - 2. List the prime factors of k(-5).
7
Let r(h) = -3*h**2. Let c(i) = 4*i**2 - i. Let m(a) = 4*c(a) + 5*r(a). Let x be m(6). Suppose -o = o - x. What are the prime factors of o?
2, 3
Let j(b) = b**2 - b - 10. List the prime factors of j(8).
2, 23
Let j(y) = -y**2 - y - 1. Let l be j(0). Let z = -2 + l. List the prime factors of 2 + (-2 - z) + 11.
2, 7
Let w(p) = -33*p - 7. List the prime factors of w(-7).
2, 7
Let r = 36 + -23. What are the prime factors of r?
13
What are the prime factors of (-26 + 0)*551/(-58)?
13, 19
Suppose 4*u + 4 = -3*v + 27, -5*v - u = -27. What are the prime factors of v?
5
What are the prime factors of (24/(-10))/((-2)/10)?
2, 3
List the prime factors of (-40)/3*(-120)/32.
2, 5
Let x be 1/4 - 70/(-8). Let r = x - 4. Suppose 4*b + 5*l - 16 = -1, b - r = -l. What are the prime factors of b?
2, 5
Let x = -46 - -86. Suppose -5*s + x = -25. List the prime factors of s.
13
Let z be 1/(-1)*0/2. Suppose -u + z*u = -10. What are the prime factors of u?
2, 5
What are the prime factors of (-368)/(-14) - (-2)/(-7)?
2, 13
Let j be -2 + 3 + 1 + 0. Suppose 0 = 2*u - 10, -4*k - u + 131 = -j*u. Suppose v = 3*a - 5 - 27, 0 = -3*a + 2*v + k. What are the prime factors of a?
2, 5
Suppose 4*o - 396 = 3*d, 0*o - 108 = -o + 3*d. List the prime factors of o.
2, 3
Let y = 345 + -75. List the prime factors of y.
2, 3, 5
Let l(i) = 3*i - 3. Let z(o) = -13*o + 13. Let k(h) = 18*l(h) + 4*z(h). What are the prime factors of k(7)?
2, 3
Let o(x) = 6*x**3 + x**2 - x. List the prime factors of o(1).
2, 3
Let b be -1 - 1 - -2 - 1. What are the prime factors of (b - -1) + (-28)/(-1)?
2, 7
Let c(p) = -p**2 - 5*p - 2. Let f be c(-4). Suppose -f = 5*x - 12. Suppose y + x*y - 18 = 0. What are the prime factors of y?
2, 3
What are the prime factors of 2322/45*5 + 2*2?
2, 131
Let n(q) = 153*q**2 + 2*q - 1. List the prime factors of n(1).
2, 7, 11
Let n(v) be the second derivative of 29*v**4/12 + v**3/3 - v**2/2 + v. What are the prime factors of n(1)?
2, 3, 5
Let t(a) = a**3 + 7*a**2 - 8*a + 3. What are the prime factors of t(-7)?
59
Let f be 1*(3 + -5 - 0). List the prime factors of f + (-1 - 0) - -37.
2, 17
Let o be (-1)/(-2)*(5 - 1). Suppose -7 = m + 3*d, -d + 5 + 1 = o*m. Suppose 0 = f - m*f + 40. List the prime factors of f.
2, 5
Suppose 4*i - y - 57 = 49, -i = 4*y - 35. What are the prime factors of i?
3
Suppose 0 = -2*g - 4 + 78. Let k = 57 - g. List the prime factors of k.
2, 5
List the prime factors of (-7664)/(-64) + 2/8.
2, 3, 5
Let a(j) = -2*j + 5. Let v be a(0). Let b = v - 2. Suppose b*k - 24 = -2*i + 9, -2*i = 5*k - 27. List the prime factors of i.
3, 7
What are the prime factors of (19 + 2)/(3/2)?
2, 7
Let g(d) = -d**3 + 6*d**2 - 2*d - 1. Let a = 2 - 0. Suppose 0 = 2*l + a*l - 20. List the prime factors of g(l).
2, 7
Let h(l) = 3*l**2 - l - 2. What are the prime factors of h(-1)?
2
Let n(m) = -m**3 - 7*m**2 + 5. Let b be n(-6). Suppose -4*t - v = 75, 15 - 5 = 2*v. Let g = t - b. List the prime factors of g.
11
Suppose 4*f = 77 + 11. What are the prime factors of f?
2, 11
What are the prime factors of (-76)/6*2/(4/(-18))?
2, 3, 19
Let d(j) = j**3 + j**2 - 2*j + 19. List the prime factors of d(0).
19
Let b(x) = 57*x - 11. What are the prime factors of b(2)?
103
Suppose -5 = -y - 3. List the prime factors of y + -3 - (-10 + 1).
2
Let a be (0/(1/(-1)))/2. Suppose -6*v + 2*v = a. Suppose -g + 3*t = 4*g - 25, v = -g + t + 7. List the prime factors of g.
2
Suppose 5*x - 344 = -69. What are the prime factors of x?
5, 11
Suppose 2*n = -5*p + 7, 3*p + 5 + 26 = 2*n. What are the prime factors of n?
11
Let j = 43 + -28. Let i = 24 - j. What are the prime factors of i?
3
Let l be (-12)/(-20) - 156/10. Let v = 29 + l. What are the prime factors of v?
2, 7
Suppose -38 = -4*t + 170. Suppose q + q = t. What are the prime factors of q?
2, 13
Let h = 18 + -2. What are the prime factors of h?
2
Let c = 0 + 0. Let v = 13 + -5. Suppose -2*p = -c*p - v. What are the prime factors of p?
2
Suppose 2*b + 4*x = 22, -2 = 5*b - 4*x - 1. Suppose -26 + 11 = -b*c. Suppose -3*k = 6, -3*k - 1 = 5*h - c. List the prime factors of h.
2
Suppose 3*v - 2*v = 71. What are the prime factors of v?
71
Let o be 4/(-6) - 2/(-3). Suppose g = 1, o = -a - 4*g - 0*g + 16. Suppose w = 5*w - a. What are the prime factors of w?
3
Let o(t) = t**3 + 10*t**2 + 12*t + 2. Let r be o(-8). Suppose 4*j - m - 24 = j, 0 = 4*j - 2*m - r. What are the prime factors of j?
7
What are the prime factors of (-5)/2*(-14)/7?
5
Suppose 3*c - 102 = 2*c. What are the prime factors of c?
2, 3, 17
Suppose 0*n = -5*n. Suppose 4*x + n*x - 124 = 0. List the prime factors of x.
31
Suppose 4*h - 8 = 3*p, 0 = -0*h + 3*h - 2*p - 7. Let s be (-1 + 1)/(1 - 2). Suppose s = -0*n - h*n + 35. List the prime factors of n.
7
Let w be (17/3)/(2/6). Suppose 4*j - w = y, 4*j - 3*y + 0*y = 27. Suppose 3*a + j*x - 27 - 15 = 0, a + 16 = 5*x. List the prime factors of a.
3
Let s be 39/(-5) + 8/(-40). Let f(n) be the third derivative of -n**4/12 - 2*n**3/3 + n**2. List the prime factors of f(s).
2, 3
Let u(l) = 2*l**3 + 13*l**2 - 2*l + 9. Suppose -5*f = -f - 28. Let q(y) = -y**3 - 7*y**2 + y - 5. Let p(s) = f*q(s) + 4*u(s). List the prime factors of p(-3).
2
What are the prime factors of (-2)/(-12)*21*10?
5, 7
Let j be ((-2)/6)/((-2)/24). Suppose -4*q - 25 + 113 = j*y, 4*y = 3*q - 87. Suppose -4 = 3*f - q. List the prime factors of f.
7
Let j = 31 + -20. List the prime factors of j.
11
Suppose 4*p = -3*z + 2*p - 19, 3*p = -3*z - 18. Let t = -5 - z. List the prime factors of t.
2
Let i(f) = -3*f**3 - f**2 - 8*f - 3. What are the prime factors of i(-4)?
5, 41
Let x(c) = c**2 + 3. Let r be x(0). Suppose -2*y = -3*y + 5. Suppose 0 = -j + r + y. List the prime factors of j.
2
Suppose 5*a - 208 + 8 = 0. Suppose -a = -5*u + 15. What are the prime factors of u?
11
Let l = 1 + 1. Suppose -5*u + 40 = -5*g, -28 = -4*u - 0*u + l*g. List the prime factors of u.
2, 3
Suppose 28 = 4*k - 556. What are the prime factors of k?
2, 73
Let u = -19 - -27. Let g be -6 - -2 - 2/(-2). Let v = u + g. What are the prime factors of v?
5
Suppose 0*j = j - t - 49, -143 = -3*j + 5*t. List the prime factors of j.
3, 17
Let i = 12 - 5. Suppose i - 5 = j. List the prime factors of j.
2
Suppose -4*h - h = 3*o - 10, -5*o = 2*h - 4. Suppose o*k - 18 = 5*t + 2*k, 0 = -2*t - 4*k - 4. What are the prime factors of 75/11 - t/22?
7
Suppose 5*d - 1 = 24. Suppose d*w = 211 - 56. What are the prime factors of w?
31
Suppose -4*t + 59 = -r, 3*t + r + 0*r = 53. Let a = t + 1. What are the prime factors of a?
17
Suppose v - 2*y - y - 1 = 0, 0 = 2*v - y + 3. Let l be ((-54)/15 + 3)*-10. Let p = v + l. What are the prime factors of p?
2
Let g(l) = -2*l - 15. What are the prime factors of g(-11)?
7
Let k(s) = -s - 7. Let f be k(-6). Let u be 6 + 0 + 0 + f. Suppose 0*x + 65 = u*x. What are the prime factors of x?
13
Suppose 122 = 3*q + 2*l + 3*l, 113 = 2*q - 3*l. What are the prime factors of q?
7
Let v = -7 + 16. List the prime factors of ((-6)/v)/(2/(-33)).
11
Let p be (-7 + 1)/((-20)/110). Suppose 4*s - 8 + 25 = 5*c, 4*s = -5*c + p. List the prime factors of s.
2
Suppose 2*q + 2*v - 70 = -0*v, 4*q - 185 = 5*v. List the prime factors of q.
2, 5
Let w(r) = -3*r**2 - r. Let m be w(-1). Let s(i) be the first derivative of -i**4/2 + 3*i**2/2 + i + 4. List the prime factors of s(m).
11
Let c be ((-6)/(-9))/(-2)*-3. What are the prime factors of (2 - c)/(1/9)?
3
Let u(i) be the second derivative of i**4/12 + i**3/3 + i**2 + 2*i. List the prime factors of u(-3).
5
Suppose 4*l - 9*l = -475. List the prime factors of l.
5, 19
Let h = 74 - 49. What are the prime factors of h?
5
Suppose 2*u + 3*u - 191 = -2*z, 3*z + 84 = 2*u. Suppose -3